= 30*n + 662. Let p be d(-21). Calculate the highest common factor of 496 and p.
16
Let v be 0/(-3) + -2 + 4. Suppose -v*n = -n. Let o(r) = r**3 + r + 15. Let u be o(n). Calculate the greatest common factor of 6 and u.
3
Let i be (-2 - 2/(-4))*-6. Let u be (6/(-8))/(-6 + 143/24). Calculate the greatest common factor of i and u.
9
Let n = 8 + -9. Let u(r) = 3*r**3. Let a be u(n). Let y be (19 + (-5 - a))*9. What is the greatest common divisor of y and 17?
17
Let z = -206 - -84. Let k = z - -397. Suppose m + 2*m - 75 = 0. Calculate the highest common divisor of m and k.
25
Let a be (12/9)/(14/21). Let s(h) = 0*h**3 - a*h**3 + 3*h**2 + h**3 + 2 + h**2. Let q be s(3). Calculate the highest common divisor of 99 and q.
11
Suppose -w + 14 = 3*o, 3*o + w + 1 = 3*w. Suppose p = -0 + o. Suppose -4*q = -27 - 69. Calculate the greatest common factor of p and q.
3
Let v(o) = -8*o - 4. Let q be v(-5). Let x = 4 + -1. Suppose -5*c + 5*p + 70 = 0, -5*p = -x*c + c + 34. What is the highest common divisor of q and c?
12
Let q = -18 + 17. Let x(n) = n**3 + n**2 - 1. Let z be x(q). Let f be ((-26)/4)/(z/6). What is the highest common divisor of 13 and f?
13
Suppose 5*a + 3*p + 23 = 7*a, 5*p = -a - 8. Calculate the greatest common factor of 56 and a.
7
Let y = 44 + -40. Let c(b) = -b**3 - 6*b**2 - 6*b - 5. Let z be c(-5). Suppose a + a = z, p = -y*a + 63. What is the greatest common divisor of p and 7?
7
Let t(o) = -175*o - 3. Let h be t(-1). What is the greatest common factor of h and 4?
4
Let s = 42 + -65. Let m = 33 + s. Suppose r + 25 = 2*r - 5*g, 34 = 2*r - 2*g. What is the highest common divisor of r and m?
5
Suppose 8 + 0 = -2*b, 0 = -3*d + 4*b + 70. What is the highest common factor of 144 and d?
18
Let q be (-124)/(-8) - 2/4. Let w be 2/2 + 6 - -8. What is the highest common divisor of q and w?
15
Let b(s) = s**3 + 2*s**2 - s + 2. Let l be b(-3). Let r = 14 + l. What is the greatest common factor of 10 and r?
10
Let u(s) = -2*s**2 + s + 88. Let o be u(0). Calculate the greatest common factor of o and 33.
11
Suppose 481 + 931 = 3*o - 4*t, -2*t + 1382 = 3*o. What is the greatest common factor of 29 and o?
29
Let o be 0 + (-4 - (-4 + 2)). Let g = 7 - o. Let j be (2 + (-2 - -1))*g. Calculate the greatest common factor of j and 27.
9
Let l be 36/(-44) - (-2)/(-11) - -49. Suppose 0 = -5*g + l + 2. Calculate the greatest common factor of g and 30.
10
Let v be ((-1800)/(-48))/(3/16). Calculate the highest common factor of 325 and v.
25
Let k = 30 - 14. Let f = 573 - 835. Let v = -118 - f. Calculate the highest common factor of k and v.
16
Let f be 1*(15 - (12 - 8)). Calculate the greatest common divisor of 275 and f.
11
Let o be (21/(-5))/(127/(-2540)). What is the highest common factor of 651 and o?
21
Let y(c) = 37*c + 4. Let h be y(4). Suppose 0 = -3*g + 34 - 19. Suppose -g*m = -m - 76. What is the greatest common divisor of m and h?
19
Let n be (-2 + -15)/(-25 + 24). What is the greatest common factor of 629 and n?
17
Suppose 4*j + 6 - 33 = 5*k, -j + 4*k = 7. Let r = 108 - -3175. Let a be r/28 - 2/8. Calculate the highest common divisor of j and a.
13
Let k = 633 - 629. What is the highest common divisor of 4 and k?
4
Suppose -17*b + 40 = -28. Calculate the greatest common divisor of b and 6.
2
Suppose 2*d + d - 117 = -3*c, 83 = 2*c - 3*d. Suppose 4*i + 3*m - 75 = -0*i, 4*i - 4*m - c = 0. What is the highest common divisor of 10 and i?
5
Suppose -159 = -2*o + 897. What is the greatest common divisor of o and 48?
48
Let n = 80 + -79. Let d(f) = 25*f**3 - f. Let c be d(1). Let z be (-4)/(-8)*c/n. What is the highest common factor of 120 and z?
12
Let y be (0 + -2)/((-2)/4) + -1. Suppose -8 = -3*n + n. Let m = 7 - n. Calculate the highest common factor of m and y.
3
Suppose -2*c = u - 49, -4*c + 5*u + 40 + 23 = 0. What is the highest common divisor of c and 55?
11
Let w be (-15 + 5)/((-5)/(-225)*-1). Calculate the highest common divisor of 18 and w.
18
Let c be (0 - 0 - 1) + 3. Suppose 2*j - 28 = -4*i - c*j, 2*j = 10. Let a be 6*4/16*i. Calculate the greatest common factor of a and 3.
3
Suppose -5*r = -i + 241, 240 = i - 4*r + 1. Calculate the highest common divisor of i and 63.
21
Suppose -n - 18 = 2*h + n, -3*n - 13 = 2*h. Let p = h + 13. Let l be p*3*(-8)/3. What is the highest common divisor of 32 and l?
8
Let o(y) be the third derivative of 9*y**2 + 0*y - 1/8*y**4 + 0 + 3/2*y**3. Let j be o(-13). What is the highest common divisor of 12 and j?
12
Let u = 467 - 439. Calculate the highest common factor of u and 567.
7
Suppose -17*h = -584 - 96. Calculate the highest common factor of 120 and h.
40
Let x = -233 + 579. Let v be x/12 + (-8)/(-48). Suppose -4*t + 340 = 4*w, 358 = -0*t + 4*t - 5*w. Calculate the greatest common divisor of t and v.
29
Let y be ((-8)/(-6))/(2/63). Let a = -3 + 21. Let z be 1130/a - 6/(-27). Calculate the highest common factor of z and y.
21
Let o(h) = h**2 + 13*h - 619. Let r be o(20). Calculate the highest common divisor of 1 and r.
1
Suppose -3*t = -0*t - 18. Suppose t*r - 10 = r. Suppose -2*q + o + 5 = 0, 3*q = o - r*o + 15. Calculate the highest common divisor of q and 44.
4
Let r(c) = -20*c - 19. Let t(a) = -7*a - 6. Let s(f) = 4*r(f) - 11*t(f). Let g be s(-7). Calculate the greatest common divisor of 1 and g.
1
Let f be -3 - 4/(-8)*8 - 21. Let y be -4 - (f + (6 - 2) + 3). What is the highest common divisor of 45 and y?
9
Let u(j) = j**2 - 7*j + 11. Let q be u(6). Suppose 0 = -0*h + 4*h - 16, 0 = f - q*h + 2. Calculate the highest common divisor of f and 54.
18
Suppose -4*k = -498 - 654. What is the greatest common divisor of 72 and k?
72
Suppose -2 = 2*j + 8, 5*j + 225 = 5*y. What is the greatest common factor of 88 and y?
8
Let s be 0 - (-4)/(-12)*93. Let o = s - -38. Calculate the highest common factor of 49 and o.
7
Let k be ((-8)/(-4))/(45/(-46) + 1). Calculate the greatest common divisor of 28 and k.
4
Suppose -7*w + 278 = 103. What is the highest common divisor of w and 250?
25
Suppose -5*c = 5*v - 30, -c - 2*v + 16 = 3*c. Suppose -i = 24 - c. Let g = i - -41. Calculate the greatest common divisor of g and 209.
19
Suppose -6*m = -m - 55. Let s be ((-22)/(-3))/(3/36). What is the greatest common factor of m and s?
11
Suppose 41*k - 38*k - 141 = 3*w, 2*k + w - 91 = 0. Calculate the greatest common divisor of 529 and k.
23
Let o(k) = 3*k**3 - 7*k**2 + 2*k - 2. Let g be o(5). Calculate the greatest common factor of g and 26.
26
Let w = 8 + -7. Suppose -5*x = -0*x - 3*p + 32, -p = w. Let c = x + 8. Calculate the highest common factor of c and 1.
1
Suppose -x = -4*h + 60, -h = 7*x - 11*x. What is the greatest common factor of h and 88?
8
Let w = -3 - 0. Let r be (w - -1)*(-5)/10. Let m be -15*r*14/(-21). Calculate the highest common divisor of 110 and m.
10
Suppose 5*u - 6*f - 346 = -4*f, -3*u - 5*f = -220. Let o = -38 + u. What is the highest common divisor of 16 and o?
16
Let l(f) = -5*f**3 - 10*f**2 + 3*f - 2. Let u be l(-3). Calculate the greatest common factor of u and 442.
34
Suppose -u - 7 = -2*u - 5*w, -4*w = -2*u. Suppose u*q - 34 = -2. What is the highest common divisor of 12 and q?
4
Let w be 4 + 1 + (5 - 1). Let i be (-10)/45 - (-38)/w. Calculate the highest common factor of i and 12.
4
Let b = 46 + -30. Suppose -128 = -4*c + 2*j + 316, 4*c = -4*j + 456. Calculate the highest common factor of c and b.
16
Suppose -74*s + 56*s = -144. What is the greatest common divisor of 11 and s?
1
Suppose 53 = -4*s + 197. Suppose -20 = -0*k - 4*k, -k = 3*t - 185. Let c = t - s. Calculate the highest common divisor of c and 12.
12
Suppose 17*a = 273 + 390. Suppose -2*k + 2 = 2*q, q - 5 = -3*k - q. Calculate the highest common factor of k and a.
3
Let q be 1*11 - 4/4. Let f = 15 - q. Suppose n + n - 80 = 0. What is the greatest common factor of f and n?
5
Let a = 19 + -11. Suppose -a*u + 3*u + 265 = h, -49 = -u - h. Let i be 366/10 + (-45)/75. Calculate the highest common divisor of i and u.
18
Let h(n) = 12*n**2 - n - 2. Let r(q) = -q + 4. Let v be r(6). Let a be h(v). Calculate the highest common factor of 72 and a.
24
Suppose -3*t + 2*t - 8 = 0. Let x(n) = n + 28. Let l be x(t). Calculate the highest common factor of l and 200.
20
Suppose 0 = -2*s, 20*t = 17*t - 3*s + 6615. Calculate the greatest common divisor of t and 45.
